{"id":130,"date":"2023-10-03T15:06:41","date_gmt":"2023-10-03T15:06:41","guid":{"rendered":"http:\/\/localhost:8080\/?page_id=130"},"modified":"2023-11-06T22:31:39","modified_gmt":"2023-11-06T21:31:39","slug":"directorio","status":"publish","type":"page","link":"https:\/\/sobolmat.org\/?page_id=130","title":{"rendered":"Directorio"},"content":{"rendered":"<p>[et_pb_section fb_built=&#8221;1&#8243; _builder_version=&#8221;4.22.1&#8243; _module_preset=&#8221;default&#8221; background_image=&#8221;http:\/\/sobolmat-org.preview-domain.com\/wp-content\/uploads\/2023\/10\/desktop.jpg&#8221; global_colors_info=&#8221;{}&#8221;][et_pb_row column_structure=&#8221;1_3,1_3,1_3&#8243; _builder_version=&#8221;4.22.1&#8243; _module_preset=&#8221;default&#8221; global_colors_info=&#8221;{}&#8221;][et_pb_column type=&#8221;1_3&#8243; _builder_version=&#8221;4.22.1&#8243; _module_preset=&#8221;default&#8221; global_colors_info=&#8221;{}&#8221;][\/et_pb_column][et_pb_column type=&#8221;1_3&#8243; _builder_version=&#8221;4.22.1&#8243; _module_preset=&#8221;default&#8221; global_colors_info=&#8221;{}&#8221;][et_pb_text _builder_version=&#8221;4.22.1&#8243; _module_preset=&#8221;default&#8221; text_text_color=&#8221;#FFFFFF&#8221; text_font_size=&#8221;26px&#8221; header_text_color=&#8221;#FFFFFF&#8221; text_orientation=&#8221;center&#8221; width=&#8221;198%&#8221; min_height=&#8221;37.8px&#8221; custom_margin=&#8221;|-71px||-209px||&#8221; custom_padding=&#8221;|42px||112px||&#8221; text_text_shadow_style=&#8221;preset4&#8243; text_text_shadow_blur_strength=&#8221;0.53em&#8221; text_text_shadow_color=&#8221;#EDF000&#8243; global_colors_info=&#8221;{}&#8221;]<\/p>\n<p>DIRECTORIO DE LA<\/p>\n<p>SOCIEDAD BOLIVIANA DE\u00a0 MATEM\u00c1TICA<\/p>\n<p>[\/et_pb_text][\/et_pb_column][et_pb_column type=&#8221;1_3&#8243; _builder_version=&#8221;4.22.1&#8243; _module_preset=&#8221;default&#8221; global_colors_info=&#8221;{}&#8221;][\/et_pb_column][\/et_pb_row][\/et_pb_section][et_pb_section fb_built=&#8221;1&#8243; _builder_version=&#8221;4.22.1&#8243; _module_preset=&#8221;default&#8221; background_image=&#8221;http:\/\/sobolmat-org.preview-domain.com\/wp-content\/uploads\/2023\/10\/ilustracion-matematica-del-fondo-de-la-escuela-27192488.webp&#8221; hover_enabled=&#8221;0&#8243; global_colors_info=&#8221;{}&#8221; sticky_enabled=&#8221;0&#8243;][et_pb_row _builder_version=&#8221;4.22.1&#8243; _module_preset=&#8221;default&#8221; width=&#8221;72.9%&#8221; custom_padding=&#8221;|||0px||&#8221; global_colors_info=&#8221;{}&#8221;][et_pb_column type=&#8221;4_4&#8243; _builder_version=&#8221;4.22.1&#8243; _module_preset=&#8221;default&#8221; global_colors_info=&#8221;{}&#8221;][et_pb_text _builder_version=&#8221;4.22.1&#8243; _module_preset=&#8221;default&#8221; text_font=&#8221;Abril Fatface||||||||&#8221; text_text_color=&#8221;#FFFFFF&#8221; text_font_size=&#8221;18px&#8221; text_line_height=&#8221;1.2em&#8221; background_color=&#8221;#0C71C3&#8243; text_orientation=&#8221;center&#8221; width=&#8221;59.78079138027123%&#8221; module_alignment=&#8221;center&#8221; min_height=&#8221;50.8px&#8221; custom_margin=&#8221;|233px||244px||&#8221; custom_padding=&#8221;14px|57px||65px||&#8221; border_width_all=&#8221;1px&#8221; global_colors_info=&#8221;{}&#8221;]<\/p>\n<p>Presidente de la\u00a0Sociedad Boliviana de Matem\u00e1tica<\/p>\n<p>Dr. Santiago Sologuren Paz<\/p>\n<p>[\/et_pb_text][et_pb_image src=&#8221;http:\/\/sobolmat-org.preview-domain.com\/wp-content\/uploads\/2023\/10\/autoridad_rector.png&#8221; title_text=&#8221;autoridad_rector&#8221; align=&#8221;center&#8221; _builder_version=&#8221;4.22.1&#8243; _module_preset=&#8221;default&#8221; width=&#8221;72%&#8221; custom_margin=&#8221;|185px||||&#8221; custom_padding=&#8221;|||90px||&#8221; animation_style=&#8221;zoom&#8221; global_colors_info=&#8221;{}&#8221;][\/et_pb_image][et_pb_text _builder_version=&#8221;4.22.1&#8243; _module_preset=&#8221;default&#8221; text_font=&#8221;|600|||||||&#8221; text_text_color=&#8221;#000000&#8243; background_color=&#8221;rgba(0,216,255,0.48)&#8221; width=&#8221;61.1%&#8221; module_alignment=&#8221;center&#8221; custom_margin=&#8221;|-104px||||&#8221; custom_padding=&#8221;|||66px||&#8221; global_colors_info=&#8221;{}&#8221;]<\/p>\n<p>Licenciatura y Maestr\u00eda en Matem\u00e1tica, en Oreg\u00f3n State University &#8211; EEUU.<br \/>Licenciatura en Derecho.<br \/>Rector de la Universidad Sim\u00f3n I. Pati\u00f1o.<br \/>Presidente de la SOBOLMAT.<\/p>\n<p>[\/et_pb_text][\/et_pb_column][\/et_pb_row][et_pb_row column_structure=&#8221;1_3,1_3,1_3&#8243; _builder_version=&#8221;4.22.1&#8243; _module_preset=&#8221;default&#8221; global_colors_info=&#8221;{}&#8221;][et_pb_column type=&#8221;1_3&#8243; _builder_version=&#8221;4.22.1&#8243; _module_preset=&#8221;default&#8221; global_colors_info=&#8221;{}&#8221;][et_pb_text _builder_version=&#8221;4.22.1&#8243; _module_preset=&#8221;default&#8221; text_font=&#8221;|800|||||||&#8221; text_text_color=&#8221;#FFFFFF&#8221; text_line_height=&#8221;1.2em&#8221; background_color=&#8221;#0C71C3&#8243; text_orientation=&#8221;center&#8221; global_colors_info=&#8221;{}&#8221;]<\/p>\n<p>Secretaria General<\/p>\n<p>\u00a0Mgr. Irma Anguela Flores<\/p>\n<p>[\/et_pb_text][et_pb_image src=&#8221;http:\/\/sobolmat-org.preview-domain.com\/wp-content\/uploads\/2023\/11\/irma-300&#215;300.jpg&#8221; title_text=&#8221;irma&#8221; align=&#8221;center&#8221; _builder_version=&#8221;4.22.1&#8243; _module_preset=&#8221;default&#8221; width=&#8221;58.2%&#8221; max_width=&#8221;69%&#8221; min_height=&#8221;107px&#8221; custom_margin=&#8221;|47px||||&#8221; custom_padding=&#8221;|25px|1px|||&#8221; global_colors_info=&#8221;{}&#8221;][\/et_pb_image][et_pb_text _builder_version=&#8221;4.22.1&#8243; _module_preset=&#8221;default&#8221; text_font=&#8221;|600|||||||&#8221; text_text_color=&#8221;#000000&#8243; background_color=&#8221;#d1d1d1&#8243; global_colors_info=&#8221;{}&#8221;]<\/p>\n<p>Licenciatura en Matem\u00e1tica.<br \/>T\u00e9cnico Superior en Contabilidad.<br \/>Maestr\u00eda en Finanzas Corporativas.<br \/>Docente de la Universidad Sim\u00f3n I. Pati\u00f1o y de la Escuela Naval Militar.<br \/>Miembro del Directorio de la SOBOLMAT.<\/p>\n<p>[\/et_pb_text][\/et_pb_column][et_pb_column type=&#8221;1_3&#8243; _builder_version=&#8221;4.22.1&#8243; _module_preset=&#8221;default&#8221; global_colors_info=&#8221;{}&#8221;][et_pb_text _builder_version=&#8221;4.22.1&#8243; _module_preset=&#8221;default&#8221; text_font=&#8221;|700|||||||&#8221; text_text_color=&#8221;#FFFFFF&#8221; background_color=&#8221;#0C71C3&#8243; text_orientation=&#8221;center&#8221; global_colors_info=&#8221;{}&#8221;]Secretario de Relaciones<br \/>\nLic. Edgar Arellano D. [\/et_pb_text][et_pb_image src=&#8221;http:\/\/sobolmat-org.preview-domain.com\/wp-content\/uploads\/2023\/11\/foto_edgar3.jpg&#8221; title_text=&#8221;foto_edgar3&#8243; align=&#8221;center&#8221; _builder_version=&#8221;4.22.1&#8243; _module_preset=&#8221;default&#8221; width=&#8221;44%&#8221; global_colors_info=&#8221;{}&#8221;][\/et_pb_image][et_pb_text _builder_version=&#8221;4.22.1&#8243; _module_preset=&#8221;default&#8221; text_font=&#8221;|600|||||||&#8221; text_text_color=&#8221;#000000&#8243; background_color=&#8221;#b5b5b5&#8243; global_colors_info=&#8221;{}&#8221;]<\/p>\n<p>Licenciado en Matem\u00e1tica.<br \/>Coordinador de Matem\u00e1tica en la USIP.<br \/>Ex-docente de EMI, UNIVALLE, POLMILAE, EMSE, ENM.<br \/>Miembro del Directorio de la SOBOMAT.<\/p>\n<p>[\/et_pb_text][\/et_pb_column][et_pb_column type=&#8221;1_3&#8243; _builder_version=&#8221;4.22.1&#8243; _module_preset=&#8221;default&#8221; global_colors_info=&#8221;{}&#8221;][et_pb_text _builder_version=&#8221;4.22.1&#8243; _module_preset=&#8221;default&#8221; text_font=&#8221;|800|||||||&#8221; text_text_color=&#8221;#FFFFFF&#8221; text_line_height=&#8221;1.2em&#8221; background_color=&#8221;#0C71C3&#8243; text_orientation=&#8221;center&#8221; global_colors_info=&#8221;{}&#8221;]<\/p>\n<p>Tesorero<\/p>\n<p>Mgr. Edmundo D\u00edaz Monz\u00f3n<\/p>\n<p>[\/et_pb_text][et_pb_image src=&#8221;http:\/\/sobolmat-org.preview-domain.com\/wp-content\/uploads\/2023\/11\/edmundo.jpg&#8221; title_text=&#8221;edmundo&#8221; align=&#8221;center&#8221; _builder_version=&#8221;4.22.1&#8243; _module_preset=&#8221;default&#8221; width=&#8221;41%&#8221; global_colors_info=&#8221;{}&#8221;][\/et_pb_image][et_pb_text _builder_version=&#8221;4.22.1&#8243; _module_preset=&#8221;default&#8221; text_font=&#8221;|600|||||||&#8221; text_text_color=&#8221;#000000&#8243; background_color=&#8221;#c9c9c9&#8243; global_colors_info=&#8221;{}&#8221;]<\/p>\n<p>Docente UMSS, ex-docente UCB, UPB y USIP,\u00a0 ex-Decano de la Facultad de Bioqu\u00edmica y Farmacia UMSS.<br \/>Director actual de Carrera de Ingenier\u00eda Comercial UMSS.<br \/>Miembro de Directorio de la SOBOLMAT<\/p>\n<p>[\/et_pb_text][\/et_pb_column][\/et_pb_row][et_pb_row column_structure=&#8221;1_3,1_3,1_3&#8243; _builder_version=&#8221;4.22.1&#8243; _module_preset=&#8221;default&#8221; global_colors_info=&#8221;{}&#8221;][et_pb_column type=&#8221;1_3&#8243; _builder_version=&#8221;4.22.1&#8243; _module_preset=&#8221;default&#8221; global_colors_info=&#8221;{}&#8221;][et_pb_text _builder_version=&#8221;4.22.1&#8243; _module_preset=&#8221;default&#8221; text_font=&#8221;|800|||||||&#8221; text_text_color=&#8221;#FFFFFF&#8221; background_color=&#8221;#0C71C3&#8243; text_orientation=&#8221;center&#8221; global_colors_info=&#8221;{}&#8221;]Representante Regional<br \/>\nMgr. Lourdes Rodriguez [\/et_pb_text][et_pb_image src=&#8221;http:\/\/sobolmat-org.preview-domain.com\/wp-content\/uploads\/2023\/11\/lourdez.jpg&#8221; title_text=&#8221;lourdez&#8221; align=&#8221;center&#8221; _builder_version=&#8221;4.22.1&#8243; _module_preset=&#8221;default&#8221; width=&#8221;55%&#8221; global_colors_info=&#8221;{}&#8221;][\/et_pb_image][et_pb_text _builder_version=&#8221;4.22.1&#8243; _module_preset=&#8221;default&#8221; text_font=&#8221;|600|||||||&#8221; text_text_color=&#8221;#000000&#8243; background_color=&#8221;#c1c1c1&#8243; global_colors_info=&#8221;{}&#8221;]<\/p>\n<p>Licenciada en Matem\u00e1tica.<br \/>Mag\u00edster en Estad\u00edstica Aplicada.<br \/>Diplomados y docente en el \u00c1rea de Ciencias Exactas.<br \/>Miembro Directorio de la SOBOLMAT.<\/p>\n<p>[\/et_pb_text][\/et_pb_column][et_pb_column type=&#8221;1_3&#8243; _builder_version=&#8221;4.22.1&#8243; _module_preset=&#8221;default&#8221; global_colors_info=&#8221;{}&#8221;][et_pb_text _builder_version=&#8221;4.22.1&#8243; _module_preset=&#8221;default&#8221; text_font=&#8221;|800|||||||&#8221; text_text_color=&#8221;#FFFFFF&#8221; background_color=&#8221;#0C71C3&#8243; text_orientation=&#8221;center&#8221; global_colors_info=&#8221;{}&#8221;]Vocal<br \/>\nMgr. Ces\u00e1r Cabrera[\/et_pb_text][et_pb_image src=&#8221;http:\/\/sobolmat-org.preview-domain.com\/wp-content\/uploads\/2023\/11\/cesar.jpg&#8221; title_text=&#8221;cesar&#8221; align=&#8221;center&#8221; _builder_version=&#8221;4.22.1&#8243; _module_preset=&#8221;default&#8221; width=&#8221;51%&#8221; max_width=&#8221;74%&#8221; global_colors_info=&#8221;{}&#8221;][\/et_pb_image][et_pb_text _builder_version=&#8221;4.22.1&#8243; _module_preset=&#8221;default&#8221; text_font=&#8221;|600|||||||&#8221; text_text_color=&#8221;#000000&#8243; background_color=&#8221;#bfbfbf&#8221; global_colors_info=&#8221;{}&#8221;]<\/p>\n<p>Ingeniero en Matem\u00e1tica. Interesado en modelos matem\u00e1ticos en Econom\u00eda, ecuaciones diferenciales estoc\u00e1sticas, divulgaci\u00f3n de la Ciencia y la Educaci\u00f3n. Miembro del Directorio de la SOBOLMAT.<\/p>\n<p>[\/et_pb_text][\/et_pb_column][et_pb_column type=&#8221;1_3&#8243; _builder_version=&#8221;4.22.1&#8243; _module_preset=&#8221;default&#8221; global_colors_info=&#8221;{}&#8221;][et_pb_text _builder_version=&#8221;4.22.1&#8243; _module_preset=&#8221;default&#8221; text_font=&#8221;|700|||||||&#8221; text_text_color=&#8221;#FFFFFF&#8221; background_color=&#8221;#0C71C3&#8243; text_orientation=&#8221;center&#8221; global_colors_info=&#8221;{}&#8221;]Vocal<br \/>\nMgr. Doris Soruco[\/et_pb_text][et_pb_image src=&#8221;http:\/\/sobolmat-org.preview-domain.com\/wp-content\/uploads\/2023\/11\/doris.jpg&#8221; title_text=&#8221;doris&#8221; align=&#8221;center&#8221; _builder_version=&#8221;4.22.1&#8243; _module_preset=&#8221;default&#8221; width=&#8221;46%&#8221; global_colors_info=&#8221;{}&#8221;][\/et_pb_image][et_pb_text _builder_version=&#8221;4.22.1&#8243; _module_preset=&#8221;default&#8221; text_font=&#8221;|600|||||||&#8221; text_text_color=&#8221;#000000&#8243; background_color=&#8221;#b7b7b7&#8243; global_colors_info=&#8221;{}&#8221;]<\/p>\n<p>Licenciada en Matem\u00e1tica.<br \/>Mag\u00edster en Estad\u00edstica Aplicada.<br \/>Diplomados y docente en el \u00c1rea de Ciencias Exactas.<br \/>Miembro Directorio de la SOBOLMAT.<\/p>\n<p>[\/et_pb_text][\/et_pb_column][\/et_pb_row][\/et_pb_section]<\/p>\n","protected":false},"excerpt":{"rendered":"<p>DIRECTORIO DE LA SOCIEDAD BOLIVIANA DE\u00a0 MATEM\u00c1TICAPresidente de la\u00a0Sociedad Boliviana de Matem\u00e1tica Dr. Santiago Sologuren PazLicenciatura y Maestr\u00eda en Matem\u00e1tica, en Oreg\u00f3n State University &#8211; EEUU.Licenciatura en Derecho.Rector de la Universidad Sim\u00f3n I. Pati\u00f1o.Presidente de la SOBOLMAT.Secretaria General \u00a0Mgr. Irma Anguela FloresLicenciatura en Matem\u00e1tica.T\u00e9cnico Superior en Contabilidad.Maestr\u00eda en Finanzas Corporativas.Docente de la Universidad Sim\u00f3n I. [&hellip;]<\/p>\n","protected":false},"author":1,"featured_media":0,"parent":0,"menu_order":0,"comment_status":"closed","ping_status":"closed","template":"","meta":{"_et_pb_use_builder":"on","_et_pb_old_content":"","_et_gb_content_width":"","footnotes":""},"_links":{"self":[{"href":"https:\/\/sobolmat.org\/index.php?rest_route=\/wp\/v2\/pages\/130"}],"collection":[{"href":"https:\/\/sobolmat.org\/index.php?rest_route=\/wp\/v2\/pages"}],"about":[{"href":"https:\/\/sobolmat.org\/index.php?rest_route=\/wp\/v2\/types\/page"}],"author":[{"embeddable":true,"href":"https:\/\/sobolmat.org\/index.php?rest_route=\/wp\/v2\/users\/1"}],"replies":[{"embeddable":true,"href":"https:\/\/sobolmat.org\/index.php?rest_route=%2Fwp%2Fv2%2Fcomments&post=130"}],"version-history":[{"count":15,"href":"https:\/\/sobolmat.org\/index.php?rest_route=\/wp\/v2\/pages\/130\/revisions"}],"predecessor-version":[{"id":611,"href":"https:\/\/sobolmat.org\/index.php?rest_route=\/wp\/v2\/pages\/130\/revisions\/611"}],"wp:attachment":[{"href":"https:\/\/sobolmat.org\/index.php?rest_route=%2Fwp%2Fv2%2Fmedia&parent=130"}],"curies":[{"name":"wp","href":"https:\/\/api.w.org\/{rel}","templated":true}]}}